)/3*-2. Suppose -o - 3*w = -47, 171 = v*o + 2*o - 5*w. Calculate the greatest common divisor of 4 and o.
4
Let t = -61 + 160. Suppose t = 9*i - 8*i. Suppose 0*w = 4*w - 36. What is the greatest common factor of w and i?
9
Suppose -18*n + 20*n = 6. Suppose -5*q - 3*o - 9 = 0, -q = o - 0*o + n. Suppose h + q = 14. What is the highest common factor of h and 112?
14
Let k = 54 - 27. Let m(q) = -13*q + 7. Suppose 3*a + 0*r = 3*r - 54, 2*a + 48 = 5*r. Let p be m(a). Calculate the highest common factor of p and k.
27
Let s be (7 - -3)*(-272)/(-20). Suppose s = -2*q + 4*q + r, -5*q + 310 = -5*r. Let n = q + -46. What is the greatest common factor of 140 and n?
20
Let h be -10*(-1 - (-3)/5) + -4. Suppose -2*i + 21 + 23 = h. What is the greatest common factor of i and 242?
22
Let l = -4 + 7. Suppose -q = -2*v - 5, -q - 4*v + 56 = l*q. Let s = 93 + -5. Calculate the greatest common divisor of q and s.
11
Let q(u) = 2*u + 5. Let b(r) = 3*r + 4. Let i(y) = 3*b(y) - 4*q(y). Let p be i(8). Suppose -6*k + 8*k - 48 = p. Calculate the highest common divisor of k and 6.
6
Let c(o) = o**3 + 20*o**2 + 14*o - 25. Let v be c(-19). Let i = -16 + 12. Let w be 700/(-30)*30/i. What is the highest common divisor of v and w?
35
Suppose 3*t + 32 = c - 2*t, 5*c + 3*t - 48 = 0. Let s be 12/30 + (-596)/(-10). What is the highest common factor of s and c?
12
Let i = -117 - -133. Calculate the highest common factor of i and 16.
16
Let j = 1077 + -993. Let f = 74 + -26. Calculate the greatest common divisor of f and j.
12
Let h = 17 + 16. Let b be 3/6*(-16)/(2/1). Let o be (12/4 + 46/(-8))*b. Calculate the highest common factor of h and o.
11
Let w(u) = 27*u + 314. Let s be w(12). Calculate the greatest common factor of 58 and s.
58
Let u(z) = -5*z + 200. Let j be u(39). What is the greatest common divisor of 3 and j?
1
Let o(d) = -32 - 9*d + 17 - 36 - 8*d. Let w be o(-6). What is the greatest common factor of 17 and w?
17
Let q be (276/(1 - 0))/((-6)/(-8)). Calculate the highest common divisor of 16 and q.
16
Let y = 107 + -110. Let q(n) = -n**3 + 2*n**2 + 9*n + 5. Let f be q(y). Let o = 354 - 239. What is the greatest common divisor of o and f?
23
Suppose 5*r - 3*r = 6. Let a(s) = s - 3. Let u be a(8). Let j be (u - 3)/(-2) - -4. Calculate the highest common factor of j and r.
3
Suppose -2*s + 3*s = 5*v + 2, 0 = -4*v + 8. Suppose -3*l + 7*g = 2*g - 128, -4*g = 5*l - 164. What is the highest common divisor of s and l?
12
Let p = 974 - 422. What is the highest common factor of 1242 and p?
138
Suppose 2*p + m - 12 - 62 = 0, 5*p = m + 199. Let r be p/26*68/3. What is the highest common divisor of r and 34?
34
Suppose 6 - 19 = -f. Let a(k) = k**3 - 14*k**2 + 15*k - 19. Let x be a(f). What is the greatest common factor of x and 35?
7
Let g(w) = -3*w - 21 + 27*w + 12*w - w. Let m be g(6). Calculate the greatest common divisor of 21 and m.
21
Suppose -11*z - 168 = -23*z. What is the highest common divisor of z and 350?
14
Let t(r) = -r**3 + 8*r**2 - 2*r - 14. Let b be t(6). What is the highest common divisor of 253 and b?
23
Let f(c) = 2 - 7 - 1 - 10 + 3*c. Let w be f(16). What is the highest common factor of 96 and w?
32
Suppose 2*d + 4 = 0, -4*d + 0 = 4*n - 32. Suppose 0 = -26*o + 37*o - 1210. What is the highest common factor of o and n?
10
Let m(q) = 84*q - 2. Let y be m(1). Calculate the greatest common factor of y and 123.
41
Suppose 0*s = 16*s + 12*s - 140. Let c(x) = -34*x + 3. Let n be c(-3). Calculate the greatest common divisor of n and s.
5
Let w(q) = -2*q**2 - q - 9. Let j be w(4). Let h be 162/j*50/(-3). Calculate the highest common divisor of h and 6.
6
Let f(d) = d**2 - 18*d + 55. Let r be f(0). Let p = 131 - 87. What is the highest common divisor of p and r?
11
Suppose 3*h - 72 = 6*h. Let z = -2 - h. What is the greatest common divisor of 44 and z?
22
Let q be 1 + (0 - -10) + -1. Let z = q + -8. Suppose 0 = -s - 2*s + 12. What is the greatest common divisor of s and z?
2
Let k(s) = 3*s**2 - 8*s + 15. Let w be k(3). Suppose -4*c - w = -6*c. Calculate the greatest common divisor of 27 and c.
9
Let p(f) be the first derivative of f**2 + 27*f + 26. Let a be p(9). Calculate the highest common divisor of 18 and a.
9
Let r be (-12)/(-4) + 1974 + 21 + -18. What is the greatest common factor of 66 and r?
66
Let t = 199 + -159. Calculate the greatest common divisor of t and 8.
8
Let k be (-3 + (-45)/25)*-40. Calculate the greatest common factor of k and 12.
12
Let k = -209 + 369. Suppose 2*s + 28 - k = 0. Let f = s - 10. What is the greatest common factor of f and 7?
7
Let u(t) = -3*t - 6. Let q be 1 + 1 - 6 - 2. Let z be u(q). Let g(n) = n - 5. Let d be g(z). What is the greatest common factor of 63 and d?
7
Let d(i) = -i**2 + 65*i + 491. Let p be d(70). Suppose 0*z - z + 94 = 0. What is the highest common divisor of p and z?
47
Let r(p) = 5*p**3 + 7*p**2 + p. Let c be r(1). What is the greatest common factor of c and 403?
13
Suppose 0 = 2*k - 0 - 4. Suppose -4*b = 4*a + 12, 2*a - b - k*b - 14 = 0. Let v(n) = 4*n. Let i be v(a). Calculate the greatest common divisor of 12 and i.
4
Suppose 3*r - 191 = -4*b, 3*r - 72 = 3*b + 84. What is the highest common divisor of r and 1235?
19
Let b(m) = m**3 - 5*m**2 + 6*m - 6. Let a be b(4). Let p(u) = a*u**2 + 4*u + 7 - 3 + 3*u. Let c be p(-6). What is the highest common factor of 85 and c?
17
Let k be 22/121 + (-2)/11. Suppose k = -f - 3*b - 9, 0*f - 2*b = -5*f + 40. Calculate the highest common divisor of f and 15.
3
Suppose 9*w - 458 - 109 = 0. Let b = 10 + -16. Let o be (1 - 3)/(b/27). Calculate the highest common factor of w and o.
9
Suppose 8*j - 5 = 9*j. Let v = -5 + 7. Let h = v - j. Calculate the highest common factor of 77 and h.
7
Suppose -29*y - 416 = -42*y. What is the highest common factor of 160 and y?
32
Let o(b) = 123*b - 122*b - 5 + 3. Let s be o(6). Calculate the greatest common divisor of 36 and s.
4
Let t = 797 - 737. Calculate the highest common divisor of t and 100.
20
Suppose k - 3*k = -16. Let p(m) = m**3 - 2*m**2 - 10*m - 1. Let h be 182/28 + (-6)/4. Let c be p(h). Calculate the highest common factor of c and k.
8
Suppose -5*n - 3*b = -7*b - 163, -2*b + 6 = 0. Calculate the greatest common factor of n and 280.
35
Suppose h - 17 + 2 = 0. Let s be 2/1 - 12/(-3). Calculate the greatest common divisor of h and s.
3
Suppose -5*x + 110 = 27*n - 22*n, -2*n = 4*x - 48. What is the greatest common divisor of 9 and n?
1
Let h = -26 + 30. Let s be (48/(-15))/(h/(-90)). Calculate the greatest common factor of 8 and s.
8
Let l = -279 - -286. What is the greatest common divisor of 2 and l?
1
Let p = 99 - -14. Let g = 133 - p. Calculate the highest common divisor of g and 50.
10
Suppose -2*y + b + 1087 = 0, -997 = -2*y + 3*b + 88. What is the greatest common factor of y and 32?
32
Let d(v) = -v**3 + 5*v**2 + 5*v + 9. Let q be d(6). Suppose -2*b + q*t = b - 114, -4*b + 116 = 5*t. Calculate the highest common factor of 34 and b.
34
Let n(m) be the second derivative of -m**5/20 - 7*m**4/4 - 7*m**3/2 - 17*m**2/2 + 34*m. Let x be n(-20). What is the greatest common factor of 3 and x?
3
Let l be 56/30 - (-2)/15. Suppose 4*x = 12, -6 = -2*u - l*x + 8. Let i be 10 + 2 + (u - 4). What is the greatest common divisor of i and 12?
12
Let n(j) = -5*j**2 + 28*j - 9. Let l be n(5). Calculate the highest common factor of 474 and l.
6
Let q = -34 - -24. Let i = -1 - q. Let z be 3/(((-27)/(-40))/i). Calculate the greatest common factor of 10 and z.
10
Let w(r) = 50 + 12*r + 10*r**2 + 10*r**2 + r**3 + 24*r - 25. Let i be w(-18). What is the greatest common factor of i and 125?
25
Let p(d) = -8*d + 2. Let q be p(-2). Suppose 2*m - q + 2 = 0. Let s be 112/10 - m/40. What is the highest common divisor of s and 11?
11
Let u = 203 + -137. What is the greatest common factor of 30 and u?
6
Let p = -9 - -27. Let m be 1307/7 - 14/(-49). Suppose -5*w - o = -622 - m, 0 = -2*o - 2. What is the greatest common divisor of w and p?
18
Let n be (-60)/(-35) + (-2)/(-7). Suppose 0*l + 55 = -5*v - l, 3*v + 40 = -n*l. Let q be (v/(-4))/((-2)/(-12)). What is the greatest common factor of 165 and q?
15
Suppose 4*s + 119 = 215. Calculate the highest common divisor of 128 and s.
8
Let a be 6/9 + (-17)/(-51). Calculate the greatest common divisor of a and 26.
1
Let 